 is -7 + 15 + -12 + (2 - -1)?
-1
-6 + 2 + (33 - 30)
-1
Evaluate 2 - (1 + (3 - 3) + 1).
0
-11 + 6 + 6 + -4
-3
Evaluate -3 + -13 - (-13 - -5).
-8
Evaluate -13 + 19 - 12 - 5.
-11
Calculate 0 + 1 + -3 + 4.
2
Calculate 1 + -4 + 8 + -10.
-5
What is -5 + (5 - 3) - -4?
1
What is the value of -4 - -7 - 9 - -1?
-5
Evaluate 2 + -7 + 7 + 5 + -13.
-6
Evaluate (10 - (7 + 9)) + 12.
6
1 + -6 + (6 - 3) - 1
-3
-7 - (3 + -5) - (-4 - 5)
4
What is the value of 8 + -12 - (0 - 3 - 2)?
1
What is 23 + -25 - (1 - (0 - 0))?
-3
Calculate (10 - (4 + 3)) + (-10 - -1).
-6
Calculate -1 + 4 + -2 + 3 + -5.
-1
What is the value of -7 - -12 - 5 - -2?
2
What is 8 + (-13 - -12) - (17 + -2)?
-8
What is the value of (-6 - (-7 - 1)) + -1?
1
Calculate -3 + 2 + 0 - (0 + 1).
-2
Calculate (0 - 3) + 3 + 3.
3
Calculate -5 - -3 - (-3 - (-10 - -5)).
-4
Evaluate -5 + 0 - (-21 - -13).
3
Calculate -10 + 3 + (9 - 11).
-9
Calculate 0 + 2 - (-2 - -5 - 3).
2
Calculate -2 - ((-5 - -4) + 2).
-3
Calculate 0 + 1 + -3 + -2.
-4
Evaluate 5 - 4 - -2 - (1 + 3).
-1
Evaluate 2 + -2 + (9 + -11 - -2).
0
What is the value of -3 + (3 - 4) + 0?
-4
Evaluate 14 + -7 + -3 + 2.
6
Calculate 3 + -7 + 4 + (5 - 1).
4
-3 + (5 - -2) - (2 - -1)
1
What is the value of 12 - ((2 - 5 - -11) + -3)?
7
What is (2 - 5) + 8 + 0 + -2?
3
Evaluate 5 + (0 - (-4 + 4)).
5
-7 + 1 + (4 - 11) + 8
-5
What is 6 - (12 - (0 + 2))?
-4
Evaluate (-8 - 5) + -1 + 9.
-5
Calculate 2 - (-4 + (8 - 1) - -4).
-5
Evaluate 7 - (-5 - ((-5 - -5) + -6)).
6
7 + -6 + (2 - 0)
3
10 - 11 - 1 - -7
5
5 + (-8 - -3 - -1)
1
What is the value of -9 + -3 + -3 - -9?
-6
What is -2 + (-1 + -3 - (29 + -36))?
1
What is the value of 6 + 1 + (-4 - (4 - 1))?
0
What is the value of 2 + -5 - (-2 + 0)?
-1
Calculate (5 - (3 + 3)) + -2 + 1.
-2
What is the value of (0 - 0) + -9 + 5?
-4
-5 - (-3 + 0 - 4)
2
What is the value of (-4 - (0 + -3)) + (7 - 1)?
5
Evaluate 1 - -2 - (-23 - -25) - 6.
-5
Calculate 3 - (4 - (-2 - -3) - -2).
-2
Calculate -7 + 4 + (0 - -1) - -2.
0
6 - (1 + (-5 - -7))
3
-8 + (3 - 4) - (2 - 6)
-5
What is the value of 3 - (2 + (-3 - -3) + -2)?
3
Calculate -8 + -4 + 7 + -2.
-7
What is the value of 0 - (-11 + 13 - -3)?
-5
Calculate (-37 - -35) + (-3 - -3) + 8.
6
What is (3 - 4) + 1 - 1?
-1
-9 - (2 - (8 + -2))
-5
-5 - -2 - (5 + (-9 - -3))
-2
What is the value of (8 - 3 - 1) + -3 - 2?
-1
What is the value of -13 + 15 + (4 - (10 + -5))?
1
Evaluate -5 + (13 - (5 + 4)).
-1
Evaluate (3 - -2) + -7 + 7 - -2.
7
20 + -1 + -15 - (0 + -5)
9
What is -7 - (4 - 18) - 10?
-3
Evaluate -4 + -3 + -4 + 10.
-1
What is 4 + (-1 - 3) + 1?
1
Calculate -3 - (3 + 2 + -6) - -5.
3
What is 1 + 0 + (10 - 11)?
0
5 - 6 - (0 + -2)
1
What is (2 + -1 - 4) + 6?
3
What is 6 + -13 + 4 + 4?
1
What is the value of -11 + 6 - (-5 + 1)?
-1
What is -4 + 0 + 1 + 5?
2
What is the value of 9 - (-2 + -8 + 11)?
8
What is 6 + 0 + (-3 - -4) + 2?
9
Evaluate 1 - ((9 - 2) + 0).
-6
(-2 - 3) + -15 + 25
5
Evaluate 1 + -3 + 3 + -14 + 9.
-4
What is the value of 3 + -1 - (9 - 5)?
-2
Calculate 3 + -5 + -1 - -5.
2
Evaluate (1 - (-3 - -1)) + -1 + -2.
0
What is the value of -4 - (-3 + (-7 - -4))?
2
What is 0 - 6 - (4 - (12 - 0))?
2
What is -3 - 0 - (0 + -7)?
4
Evaluate -1 + 4 - (-19 + 14).
8
What is 5 - (-2 - (-3 + 1))?
5
3 + -6 + 2 - (0 + 0)
-1
1 + 7 + 36 + -41
3
What is 2 - (-1 + 0 + 2)?
1
What is the value of (0 - 4) + (8 - 5) + -2?
-3
-10 - (-7 + (-8 - -9) + 5)
-9
Evaluate 5 + (4 - 8) + -1.
0
What is the value of -6 - (-10 + 12 + -6)?
-2
Evaluate 2 + -2 + 6 + -4.
2
Evaluate -2 - -3 - (-3 - 3 - -6).
1
What is -5 - (-9 - (-4 - 1) - -1)?
-2
Calculate (2 + 6 - 6) + -3.
-1
What is -4 - -7 - 7 - 4?
-8
What is the value of (-2 - 2) + 4 + 1 - 4?
-3
1 + -6 - (-11 + 10 - 10)
6
What is the value of -18 + (6 - 2) + 7?
-7
Evaluate 0 + (-8 - -10) + -3 + 1.
0
Calculate -2 + 1 + 2 - (-75 - -85).
-9
What is the value of -3 + 8 + (-2 - (1 + 4))?
-2
What is 8 + 10 + -29 + 1 + 6?
-4
What is -3 + -7 + 15 + -2?
3
What is the value of -2 + (0 - -1) + 45 + -41?
3
What is -6 + 2 + 0 - -1?
-3
Evaluate 2 + -5 + (-3 - -6) + 3.
3
What is the value of 3 + -2 + -4 - (-1 - 2)?
0
5 - (2 - (-2 + -3)) - 6
-8
What is the value of (-2 - (-3 + 0)) + 2 + -4?
-1
What is (0 - 2) + -6 - -4?
-4
Evaluate -2 - (5 + -11 - -10) - -11.
5
What is the value of -9 - (-2 + 5 + -6)?
-6
Evaluate 7 + -5 - (-2 + 5).
-1
Evaluate 1 - (3 + (-9 - -6)).
1
Calculate 19 - (16 + -6) - 15.
-6
What is the value of (12 - 5) + (-1 + 1 - 2)?
5
What is 3 - 1 - 1 - (15 + -23)?
9
What is 1 + (-2 - (4 + -5) - -2)?
2
What is the value of (0 - 1) + 1 - -5?
5
Calculate 3 - (-6 + 4 - -6) - 4.
-5
What is 12 + -10 + -2 + -5?
-5
What is -6 + 13 + -6 - -5 - 0?
6
What is 5 + 0 - (11 - 8)?
2
What is 5 + -9 + (-5 - -3) + 4?
-2
Evaluate 6 - 6 - (-4 - (1 - 2)).
3
Calculate 3 - (6 + (-2 - 3)) - 4.
-2
What is -4 + (5 + -6 + 2 - -4)?
1
-1 - (1 + 0 + 1 + 0)
-3
What is the value of (-5 - -9 - -4) + -2 - 0?
6
Evaluate -2 - (16 - 11 - (10 + -1)).
2
What is the value of -2 - (4 - (8 - (-4 + 5)))?
1
What is 3 + -1 + 1 + 8 + -15?
-4
What is the value of 13 - 12 - (2 - -1)?
-2
What is the value of (3 - (4 + -6)) + -2?
3
Calculate -8 + 5 + 4 - 4.
-3
Calculate 7 - 3 - (-5 + 5).
4
-21 - (1 - 5) - -9
-8
Evaluate 7 + -8 + (-4 - -1).
-4
What is the value of 5 - (-7 - -14 - (14 - 6))?
6
Evaluate 4 + -4 + 9 + -12.
-3
Evaluate 0 - (-1 - 0) - (265 - 268).
4
What is the value of (-1 - -6) + (-81 - -78)?
2
Evaluate -8 - (-12 + 4 + 5).
-5
Calculate (-14 - -36) + -9 + -4 + 0.
9
Evaluate (1 - -4) + (-5 - 0).
0
Calculate (-6 - -1) + (6 + 0 - 2).
-1
What is 12 + (-6 - (1 - (-4 - -7)))?
8
Evaluate (2 - (1 + -1) - 5) + 7.
4
(-1 - -9) + -4 - 1
3
Evaluate 5 - ((6 - 0) + -2).
1
What is the value of (0 + -1 - 0) + (-518 - -527)?
8
What is the value of 0 - ((2 - -1) + -4)?
1
What is the value of -7 - -2 - (5 - 6)?
-4
What is -4 + (3 - (-3 - -1))?
1
What is -4 + 1 + 6 + 1?
4
What is (3 + 0 - 0) + 0 + 0?
3
What is 10 + -3 + 2 + (-12 - -8)?
5
Evaluate -1 + 0 + (6 + -3 - 6).
-4
Evaluate -1 - (1 + -5) - (-7 + 6).
4
What is 97 - 91 - (1 - 3)?
8
What is the value of (4 - (-6 - -13) - -5) + 7?
9
Calculate -1 + 0 + 0 + 0.
-1
(-7 + 6 - 11) + -2 + 6
-8
What is the value of 7 + 2 + (-6 - 1) + 3?
5
1 - (-1 - 0) - -6 - 4
4
Calculate 0 - (5 + 0 + -6) - -6.
7
What is the value of -4 + -5 + 6 + 2 + -1?
-2
What is 2 + 4 + 3 + -7?
2
What is the value of (6 + -2 + -2 - 6) + 4?
0
What is the value of 1 + 0 + 1 - 0?
2
What is (-1 - (-3 + 4)) + -2?
-4
What is the value of (-8 + 19 - 2) + -1?
8
Calculate 6 + 7 + (-19 - -7).
1
-59 + 60 + 0 + (-5 - 0)
-4
Calculate 1 - (-1 + -7) - 6.
3
Evaluate 3 - (7 - (-4 - -6)).
-2
Evaluate 12 - (7 + 0 + -2 + 0).
7
0 + 0 + 0 + 5 + -8
-3
Evaluate (7 - (10 + -2)) + (-2 - 1).
-4
What is the value of 2 + (2 - (-5 - -5))?
4
What is the value of 4 + -4 + -1 + 0?
-1
Calculate -3 - (-1 - -6 - 6).
-2
-6 - (9 + -17 + -1)
3
What is -2 - -6 - (9 - 1) - -5?
1
What is the value of -9 - (-11 - -4) - -6?
4
Evaluate -4 - (3 + (-3 - 4 - -5)).
-5
What is the value of -6 + 0 + -18 + 29 + -5?
0
What is (-2 + (2 - 2) - -3) + 0?
1
What is the value of 4 - (-9 + 0 - -9)?
4
Calculate -1 + (3 + -4 - (-6 - -3)).
1
-13 + 6 - -2 - (1 + -11)
5
What is -2 - (-12 - -1) - 9?
0
0 + -11 - (-77 - -59)
7
Calculate (-6 - -1) + (11 - 4 - 11).
-9
Evaluate 2 + (4 + -1 - 0).
5
-1 + 16 + -11 + -8
-4
Calculate -10 + 1 + 9 + -8.
-8
1 + -2 + (-4 + 4 - 4)
-5
What is the value of -5 + -1 + (-1 - -21) + -5?
9
Calculate (2 + -2 - -9) + 104 + -108.
5
0 + (4 - (0 - -1)) + -6
-3
Calculate (-9 - -3) + 1 + 0.
-5
What is the value of -15 + 10 + 2 + 4?
1
What is 3 + 1 + -3 + 2 + -9?
-6
-4 - -1 - -9 - 7
-1
Calculate (0 - 1) + -1 + 0 + 3.
1
-6 - (16 + -4 + -12)
-6
Calculate -3 - (2 + 2 + 0 + -5).
-2
Calculate 0 - (-5 + -3 + 7 - -2).
-1
What is -9 - -2 - (-8 - 5 - -1)?
5
-3 - ((-3 - (2 + -5)) + -4)
1
Calculate (8 - 3) + (-6 - 1) - -4.
2
Evaluate -1 - -8 - (-43 - -47).
3
-3 - -1 - (-5 - 0 - -2)
1
0 - (-5 + -9 + 7 + 9)
-2
What is the value of -9 + (-3 - 0 - (-16 - -9))?
-5
What is the value of -3 - -4 - (-3 - -6 - -2)?
-4
Calculate 0 + (-4 - -9) + 0.
5
(0 - ((-2 - -1) + -3)) + -1
3
Evaluate 2 + 9 - (64 + -45).
-8
What is 0 + -2 + 4 + (0 - -3)?
5
What is 2 + -11 + 5 - 1?
-5
Calculate 2 + -2 + 2 + -1.
1
3 - -5 - (1 - -11)
-4
Calculate (-2 - -4 - 1) + (2 - 4).
-1
7 + 3 + 2 + -21
-9
Evaluate 1 - 1 - (43